nder when a is divided by 23?
20
Let n(m) = 5*m. Let o = 10 - 16. Let z be n(o). What is the remainder when z/(2/1 + -4) is divided by 8?
7
Let n = 7 - 5. Suppose 0 = -j - 4*q - 252, -908 = n*j + 2*j - 4*q. Calculate the remainder when (-1)/5 + j/(-10) is divided by 12.
11
Suppose 4*o + 114 = l, -361 = -4*l - o - 2*o. Suppose -5*r + 67 = 4*y, 5*y + 0*r - 4*r - l = 0. What is the remainder when y is divided by 5?
3
What is the remainder when 10/(-25) + (-27)/(-5) is divided by 3?
2
Let m(y) = y**2 - y + 18. Let r be m(0). Let h = 7 + r. Let o(q) = q**2 - 4*q - 3. What is the remainder when h is divided by o(-2)?
7
Let w(f) = f. Calculate the remainder when (6/15)/(7/245) is divided by w(4).
2
Let l(y) = y**2 + y + 6. What is the remainder when 4/(13 - -3) + (-70)/(-8) is divided by l(0)?
3
Suppose -3*h + 95 = 2*h. What is the remainder when h is divided by 10?
9
Suppose -2*d + 60 = d. Calculate the remainder when d is divided by (4 + (-22)/2)/(-1).
6
Let j(f) = f**2 + f - 25. Let i be j(0). Suppose -10*w = -23 - 67. What is the remainder when (-1)/(-2 + (-49)/i) is divided by w?
7
Let s(m) = -8*m - 4. Let q be 4/6 + (-20)/(-6). Let y be (2/(-2))/(q/12). Calculate the remainder when s(y) is divided by 7.
6
Suppose -21 = -q - 2*q. Let f(x) = -2*x - 9. Let o be f(-7). Suppose o*p - 25 = 2*a + 41, -3*p + 33 = a. Calculate the remainder when p is divided by q.
5
Suppose -3*u + 3 + 9 = 2*p, 4*u - 8 = 0. Suppose 0 = -l - p*a + 9 - 2, -2*l + 5*a + 36 = 0. Calculate the remainder when 49 is divided by l.
10
Suppose 0 = 4*z - z + 4*l - 38, 5*z + 2*l = 40. What is the remainder when 34 is divided by z?
4
Suppose 0 = g + 5*j - 22, 0*j - 6 = -2*j. Calculate the remainder when 17 is divided by g.
3
Suppose 26 = -3*x - 1. Let p be x*((-20)/6)/5. Let m(b) = b**2 - 4*b + 6. Calculate the remainder when m(p) is divided by 7.
4
Let z(b) = b**3 + b**2 + 49. Calculate the remainder when z(0) is divided by 25.
24
Suppose 9 = -i + 2*i. Calculate the remainder when 35 is divided by 177/i + (-6)/9.
16
Let v = 52 - -67. What is the remainder when v is divided by 24?
23
Let l be 4/1 + -2 - -4. Suppose 30 = -s + l*s. Calculate the remainder when 11 is divided by s.
5
Suppose 0 = -3*j - a + 97, -j + 12 = -5*a + 1. Calculate the remainder when j is divided by 12.
7
Let r(w) = -87*w**3 + w**2. Let y be r(-1). Suppose -2*k - 32 = -y. What is the remainder when k is divided by 10?
8
Suppose 3*y - 8 - 25 = 0. What is the remainder when 19 is divided by y?
8
Let c(h) = 2*h - 8. Calculate the remainder when c(26) is divided by 23.
21
Let y(b) = b**3 - 14*b**2 + 14*b. Let k be y(13). Let j(g) = g**2 - 12*g + 7. Calculate the remainder when j(k) is divided by 11.
9
Let g(a) be the third derivative of 0*a + 1/60*a**5 + 0 - a**2 + 1/8*a**4 + 5/6*a**3. What is the remainder when 16 is divided by g(-4)?
7
Suppose 24 = 3*y - 27. Let q = -10 + 16. What is the remainder when y is divided by q?
5
What is the remainder when 18 is divided by 69/15 - 6/(-15)?
3
Suppose -8 = -4*p, -5*x + 3*p + 16 = p. What is the remainder when 44 is divided by ((-10)/x)/(1/(-6))?
14
Suppose 4*m - 406 = 2*n, 3*m = 4*m - 2*n - 94. Suppose m = 3*h + h. Calculate the remainder when h is divided by 9.
8
Suppose -p + i + 33 = 0, -i = -5*p - 2*i + 189. What is the remainder when p is divided by 13?
11
Suppose 0 = 3*k - 3*u + 5*u - 37, 0 = -2*u + 4. Calculate the remainder when 20 is divided by k.
9
Let c = 3 - 3. Let h = c - 2. Let p = 4 + h. Calculate the remainder when 5 is divided by p.
1
Let k be -13 + (1 - 0)*3. Let w(j) = -j**2 - 13*j - 7. Calculate the remainder when 68 is divided by w(k).
22
Suppose -4*z + 2*z = -18. Let o = -5 + z. Calculate the remainder when 10 is divided by o.
2
Suppose -3*o + o + 46 = 0. Suppose 8 = 2*c - c + 4*b, 5*c - 2*b = 40. What is the remainder when o is divided by c?
7
Calculate the remainder when 11 is divided by 1*14/(-4)*-2.
4
Suppose -12 = -4*c + 12. Suppose -2*m + 4*i = -c*m + 128, 0 = -5*i + 15. What is the remainder when m is divided by 29/3 + 2/6?
9
Let z = -43 + 29. Let n = z + 21. Calculate the remainder when n is divided by (3 + 0)*(-4)/(-3).
3
Let o(a) = 7*a**2 + 6*a + 6. Calculate the remainder when o(-3) is divided by 27.
24
Let j be (-654)/10 + (-4)/(-10). Let v = 31 - -63. Let d = v + j. What is the remainder when d is divided by 10?
9
Let n(j) = -j - 1. What is the remainder when 58 is divided by n(-7)?
4
Let i = 94 - 29. What is the remainder when i is divided by 17?
14
Suppose 7*c - 2*c = -25. Let h = 8 + c. Suppose 0 = -h*g + g + 8. Calculate the remainder when 5 is divided by g.
1
Let t = -23 - -32. Let g(c) = c**2 - 8*c - 7. Calculate the remainder when 2 is divided by g(t).
0
Let i(s) = -s**2 + 16*s + 30. Calculate the remainder when 88 is divided by i(16).
28
Suppose -4*h = o - 38, 3*h = 4*o - 31 - 64. Calculate the remainder when o is divided by 8.
2
Suppose a = 3*a - s + 99, -42 = a + s. Let c = 70 + a. Suppose -3*m - 11 - 4 = 0, 2*v - c = 3*m. What is the remainder when 6 is divided by v?
2
Suppose 1 = -w + 10. Calculate the remainder when 25 is divided by w.
7
Suppose 0 = b - 3*k + 34, 2*b = -5*k - 6 - 18. Let x = -15 - b. Calculate the remainder when x is divided by 4.
3
Suppose 0 = 4*p + 1 - 125. What is the remainder when p is divided by 16?
15
Suppose -4*m - 2 - 11 = 5*p, 5*m = -3*p. Let w = -3 + m. Suppose -66 = -3*v - w*v. What is the remainder when v is divided by 12?
10
Let k(f) = -f. Let r be k(-5). Let s = r + 4. What is the remainder when s is divided by 5?
4
Let v(t) = t**3 - 3*t**2 - 4*t + 7. What is the remainder when 12 is divided by v(4)?
5
Let j = 13 + -8. Calculate the remainder when 12 is divided by j.
2
Suppose -4*x + 2*p + 20 = 0, 24 = -0*x + 4*x - p. Let o(w) = -2*w + 12. What is the remainder when o(-4) is divided by x?
6
Let i = 55 - 14. Let z = 68 - i. Calculate the remainder when z is divided by 15.
12
Let j(n) be the first derivative of n**4/4 - 4*n**3 - 13*n**2/2 + 9*n - 1. What is the remainder when 25 is divided by j(13)?
7
Suppose 2*c + 553 = 9*c. What is the remainder when c is divided by 34?
11
Suppose 4*t = 11 - 159. Let y = 75 + t. Calculate the remainder when y is divided by 10.
8
Let a = -7 - -11. What is the remainder when 9 is divided by a?
1
Suppose 0 = -2*d + 2*x + 8, 0*d - 2*x - 6 = -d. Let v = 62 + 6. Suppose -d*i = 3*y - 26 + 4, -5*i - y = -v. What is the remainder when 27 is divided by i?
13
Suppose -3*y + y + 8 = 0. Let z(p) = -p**3 - p**2 + p + 7. Let n be z(0). Let u(x) = -x**2 + 10*x - 7. Calculate the remainder when u(n) is divided by y.
2
Suppose -54 = -3*w + 21. Suppose 3*g = -4*i - 19, 6*i - i - 5*g = 20. Calculate the remainder when w is divided by -1 + -1 + 17 + i.
11
Suppose 24 = 4*y - 2*w, -5*y + 20 + 8 = -2*w. Let b(m) = -12*m - 2. What is the remainder when b(-2) is divided by 2/y*(-16)/(-1)?
6
Let w = 4 + 0. Suppose w*u = -0*u + 28. Suppose 5 = 2*l - u. Calculate the remainder when 9 is divided by l.
3
Suppose 3*k - 2*u = k + 12, k - 5*u = 18. Let n be (-4)/(-10) + 42/(-5). Let l = -6 - n. What is the remainder when k is divided by l?
1
Suppose -3*s = -8*s. Suppose s = -3*a + 66. Suppose g + 8 = 2*g. Calculate the remainder when a is divided by g.
6
Let a = 32 + -61. Let k(y) = y**2 + 11*y + 10. Let g be k(-7). Let j = g - a. What is the remainder when j is divided by 7?
4
Suppose n - 4*x = -5*x + 19, -4*x = -4*n + 52. What is the remainder when 43 is divided by n?
11
Let d = 7 - 3. What is the remainder when 9 is divided by d?
1
Suppose s - 7*i = -3*i + 19, -3*s + 1 = 2*i. Suppose 3*d - x = 29, -7*x + s*x + 34 = 3*d. What is the remainder when d is divided by 7?
3
Let l(g) = 9*g**2 + 2*g + 1. Suppose -5*h + 5*i + 105 = 0, -13 = 5*i + 7. Calculate the remainder when l(-2) is divided by h.
16
Suppose m + m = 12. Suppose -4*s + w = 2, m*w - 5*w = 5*s + 2. Suppose y + y - 21 = -3*p, 4*y - 2*p - 2 = s. Calculate the remainder when 4 is divided by y.
1
Let a = 12 - 6. Calculate the remainder when (-70 - -4)/3*2/(-4) is divided by a.
5
Suppose 0*l + 6 = 2*l. Suppose -4*u = s + 2*s - 21, l*u - 6 = s. Let c = 1 + 0. Calculate the remainder when s is divided by c.
0
Let o(q) = q**3 + 11*q**2 - 5*q - 2. What is the remainder when o(-11) is divided by 14?
11
Suppose 15 = -5*k, -2*k = 2*w + k - 7. L